 What is the tens digit of k?
2
Suppose 2*p + 3*g - 2*g = -5, -3*p - 15 = 4*g. Let n be p/((-3)/(-39)) - 1. Let h = 21 + n. What is the units digit of h?
7
Let r = 75 - 106. Let o = r - -10. Let p = -13 - o. What is the units digit of p?
8
Let h(v) = -16 + v**3 - 2 + v - 3*v + 9*v**2 + 5. What is the units digit of h(-9)?
5
Suppose -3*f + 0 = 18. Let g be (-2*3)/(f/3). Suppose 3*z - 4*q - 31 = 0, q = -g*z - q + 25. What is the units digit of z?
9
Suppose 3*q - 48 = -m, 4*q = -m + 53 + 10. What is the units digit of q?
5
Let t(h) be the first derivative of 7*h**2/2 - 5*h - 3. What is the units digit of t(4)?
3
Let b(w) = -4*w**2 - 2*w - 8. Let v(r) = -5*r**2 - 3*r - 9. Let p(q) = -4*b(q) + 3*v(q). What is the units digit of p(0)?
5
Let q(a) = -a**2 + 7*a + 4. Let g be q(6). What is the tens digit of (104/g)/((-6)/(-15))?
2
Let f = 16 - 10. Suppose 0 = -5*y + 4*y + f. Suppose 4*b - y = -2. What is the units digit of b?
1
Let z = 4 + -3. What is the units digit of (z + 0)/1 - -7?
8
Suppose 5*f = 2*n + 24 + 4, 3*f = 5*n + 32. What is the units digit of f?
4
Let r = 26 + -16. Suppose -7*f + r = -2*f. Suppose 0*w + f*w - 16 = 0. What is the units digit of w?
8
Let j = -7 - -10. Let g(i) = -3 + 0 + 4*i**2 - i**3 + 2*i - 4*i + 5. What is the units digit of g(j)?
5
Suppose -102 + 952 = 2*h. What is the units digit of h?
5
Let v(c) = c**3 + 9*c**2 + 3*c. Let u(w) = -3*w - 3*w**2 + 2*w + 4*w**2. Let f(s) = 3*u(s) - v(s). What is the units digit of f(-5)?
5
Suppose 303 = 5*y - u - 6, -5*y + 321 = -4*u. What is the tens digit of y?
6
Suppose -v = -2*v + 6. Let j(x) = -x**2 + 4. Let g be j(0). Let c = v - g. What is the units digit of c?
2
Suppose -3*m + 109 + 413 = 0. What is the units digit of m?
4
Let r(w) = -w**3 - 3*w**2 + w - 5. What is the units digit of r(-5)?
0
Suppose -2 = -2*u + 2. Suppose u*w + 35 = -3*w. What is the units digit of (-2)/(0 + 2)*w?
7
What is the units digit of (4 - -14)/(0 + 2)?
9
Let x(z) = z**3 + z**2 - z. Let k be x(0). Suppose 3*n - 62 + 20 = k. What is the tens digit of n?
1
Let b = 411 + -202. What is the tens digit of b?
0
Let p(x) = 4*x**3 - 3*x**3 - 2 + 2 - 8*x**2 + 2 + 7*x. What is the units digit of p(7)?
2
Suppose 2*p + a - 7 + 53 = 0, -5*p = -3*a + 93. Let n be (-111)/p - (-4)/(-14). Suppose -n*w = -51 + 16. What is the units digit of w?
7
Let j(i) = -i**2 - i + 102. What is the tens digit of j(0)?
0
Suppose f = -2*f + z + 7, -3*f - 3*z = -15. Suppose o - 3*b = 12, -o + 30 = 4*b - f. What is the tens digit of o?
2
Let h = -8 - -14. Let n = h + -3. Suppose 2*q - 24 = 5*m, -3*q + m + 13 = n. What is the units digit of q?
2
Let h = -337 + 583. What is the units digit of h?
6
What is the units digit of 8/(-128)*4 + 1002/8?
5
Let i = -1 + 56. What is the tens digit of i?
5
What is the hundreds digit of (-24)/6 + 3 + (-660)/(-3)?
2
Let u = -3 + 1. Let w be (-2 + 2)*u/(-2). Suppose -3*m + r + 21 = w, 0 = 4*m + 5*r - 40 - 7. What is the units digit of m?
8
Suppose 0 = d + d - 10. Let s = d - -3. What is the units digit of s?
8
Let z(t) = t**3 + 6*t**2 + 2*t - 4. What is the tens digit of z(-5)?
1
Let i(v) = v + 2*v - 4*v + 1. Let w be i(-2). Suppose -j - w*j = -8. What is the units digit of j?
2
Let k = 61 - -61. Suppose -h + k = 38. Suppose v - m = -6*m, -5*v = -3*m - h. What is the tens digit of v?
1
Suppose -q + 0*c - 4*c + 86 = 0, 0 = -5*q + 2*c + 408. Suppose 6*a - 152 = q. What is the units digit of a?
9
Suppose 3*d - 2*d - 17 = -4*v, -4*d - 16 = -5*v. Suppose 5*t - 88 = 4*a, 9*a = 2*t + v*a - 25. What is the units digit of t?
0
Let x(p) = -p. Let a be x(1). Let t be a/(1/(-1*10)). Let k = -5 + t. What is the units digit of k?
5
Let m be 255/(-10)*(0 - 2). Let z be (-4)/2 + m - -3. Suppose 0*g - 4*g = -z. What is the units digit of g?
3
Let j = 41 - 24. Suppose j + 13 = 5*h. What is the units digit of h?
6
Let o be ((-4)/10)/((-3)/45). Suppose l - o = -l. Suppose -l*w + r + 3 = w, 3*w - 26 = -4*r. What is the units digit of w?
2
Let g(t) = t**2 + 35. Let q be g(0). What is the tens digit of q + 3*(3 + -4)?
3
Let j(l) = 2*l**3 - 13*l**2 + 3*l - 2. Let h be j(6). Let m = h - -53. What is the tens digit of m?
3
Let w = -88 - -128. Suppose -4*m - 4*s = -w, 4*m - 3*s - 56 = s. What is the tens digit of m?
1
Let c(a) = -a**3 + 12*a**2 - 5*a + 3. What is the units digit of c(10)?
3
Suppose 108 = -v + 7*v. Let t be (37/2)/(5/10). Let d = t - v. What is the units digit of d?
9
Let m(l) be the first derivative of -l**6/360 + l**5/120 + l**4/6 + 2*l**3/3 - 2. Let x(h) be the third derivative of m(h). What is the units digit of x(0)?
4
Suppose 0*x + 9 = 3*x. Suppose 4*s - x = 13. Suppose 4*h = -4*i, -s*h + 0*h = -3*i + 28. What is the units digit of i?
4
Let w = 149 - 365. What is the tens digit of w/42*7/(-2)?
1
Suppose -4*m - q + 11 = m, 4*q = -2*m - 10. Let t = -8 + 12. Suppose -34 = -4*d + m*y + 34, t*y + 30 = d. What is the units digit of d?
4
Let a(f) = -f**2 - 14*f - 11. Let w be (11 - 2)*(-12)/9. What is the units digit of a(w)?
3
Suppose -2*j - j = -9. Suppose -j*h = 15, 0*x + 2*h - 2 = -3*x. What is the units digit of x?
4
Suppose -t = 3 - 11. Suppose -5*p + 2 = -t. Suppose n - 4*y = 4*n - 22, -5*n + 18 = p*y. What is the units digit of n?
2
Suppose 3*r + 219 = 6*r. What is the units digit of r?
3
Let a(p) = 5*p**3 - 3*p**2 + 5*p - 7. What is the hundreds digit of a(3)?
1
Suppose 5*w - w = 152. What is the tens digit of w?
3
Suppose -18*o + 1521 = -5*o. What is the units digit of o?
7
Suppose 0 = o + o. Suppose 4*y - 6*d - 12 = -2*d, -3*y + 5*d + 3 = o. What is the units digit of y?
6
Let h = 5 + -7. Let q be (-6 - -4) + 0 + 7. Let s = q + h. What is the units digit of s?
3
Let b = -2 + 79. What is the units digit of b?
7
Suppose -4*v + 291 = -3*c, -2*v - 69 = -3*v + 2*c. What is the tens digit of v?
7
Let q be (2 + -1 + 0)*5. Let j be (-3 - -2)/((-1)/q). Suppose -c + 37 = 4*d, j*d - 3*c + 2*c - 44 = 0. What is the units digit of d?
9
Let l(i) = 14*i**2 - 6*i + 32. Let m(h) = 5*h**2 - 2*h + 11. Let s(d) = -6*l(d) + 17*m(d). Let j be s(-6). Let p = -11 + j. What is the units digit of p?
8
Let y(u) be the first derivative of 3*u**2/2 - u - 1. What is the units digit of y(1)?
2
Let b = -78 + 109. Let a = 52 - b. What is the units digit of a?
1
Suppose 2*p - 1 = 5. What is the units digit of p?
3
Suppose -2*z + 27 = -3. What is the tens digit of z?
1
Let q(s) = s**3 + 12*s**2 - 12*s + 16. Let p be q(-13). Suppose -77 = -4*d - p*u, 4*d - 75 = -u - 4*u. What is the tens digit of d?
2
Suppose 5*k = -0*k + 45. What is the units digit of k?
9
What is the units digit of (-4)/18 + (-3250)/(-45)?
2
Let p = 3 - -15. What is the units digit of p?
8
Suppose 5092 = 15*s + 4*s. What is the units digit of s?
8
Suppose -24 = 5*i - 2*d, -2*d - 42 = 5*i + 2*d. Let h be 0 - (i + -1 + 1). Suppose 1 + h = v. What is the units digit of v?
7
Let k(x) = -x - 3. Suppose -2*n = -3*n - 13. Let r(o) = -2*o - 6. Let z(a) = n*k(a) + 6*r(a). What is the units digit of z(5)?
8
Let n(a) = -a. Let t(d) = -5. Let s(f) = 2*n(f) + t(f). What is the tens digit of s(-8)?
1
Let f = -8 + 14. Suppose -f = -2*s + 4. What is the units digit of s?
5
Let o = 17 - 12. Suppose -o + 4 = -c. What is the units digit of c?
1
Suppose 4*r = 5*i + 5 + 3, 0 = 4*i. Suppose 21 - 7 = 3*c - j, -c - 3*j = r. Let h = 8 + c. What is the units digit of h?
2
Suppose -2*i = 4*w + 22, -w + 3*w = -3*i - 1. Let z = 3 - w. What is the units digit of z?
1
Let q(p) = -p**3 - 3*p**2 + 9*p + 9. What is the units digit of q(-7)?
2
Suppose 1 = -5*l + 11. What is the tens digit of (-2)/(-4)*19*l?
1
Suppose -2*t = -5*t. Let n be (t + -3 - 0)*-4. Suppose 5*j = n + 48. What is the tens digit of j?
1
Let d = -5 - -9. Suppose -q - 6 = -d*t - 3, -5*q = -2*t + 15. Let z = q - -4. What is the units digit of z?
1
Let r(p) = 5 - 6 - p + 8. What is the tens digit of r(-5)?
1
Let n be 9/6 - (-2)/(-4). Let f be 12 + -2 + n/1. Let q = f + -3. What is the units digit of q?
8
Suppose 5*g + 5*h - 36 = g, -48 = -4*g - 2*h. What is the tens digit of (-42)/g - 5*-5?
2
Let s(m) = m**2 + 7*m - 7. Let p be s(-8). Let t be 0/(-2 + (2 - p)). Suppose -h - 3*k = -t*k - 2, -2*h = 2*k - 8. What is the units digit of h?
5
Suppose -c = c - 20. What is the tens digit of (-1 + 43)/(15/c)?
2
Let w = 21 - 10. Let s(c) = -c**3 + 